{"id":76,"date":"2020-12-14T02:47:30","date_gmt":"2020-12-14T01:47:30","guid":{"rendered":"http:\/\/robiuri.mojapoczta.net\/?page_id=76"},"modified":"2025-11-19T10:00:38","modified_gmt":"2025-11-19T09:00:38","slug":"startowa","status":"publish","type":"page","link":"http:\/\/robiuri.mojapoczta.net\/","title":{"rendered":"HOME"},"content":{"rendered":"<p><center><br \/>\n<div class=\"wp-alex-play-button\" data-json=\"{&quot;file&quot;:&quot;\\\/Mp3.Mp3\\\/\\\/TheLeftovers.mp3&quot;,&quot;id&quot;:&quot;my-play-button&quot;,&quot;size&quot;:&quot;48 64&quot;,&quot;color&quot;:&quot;#00ff00 #006400 800&quot;}\"><\/div><br \/>\n<div class=\"wp-alex-circular-spectrum\" data-json=\"{&quot;owner&quot;:&quot;#my-play-button&quot;,&quot;size&quot;:&quot;64 180&quot;,&quot;bars&quot;:&quot;80 0.8 #4fcb1d 0.1 50.0&quot;,&quot;peaks&quot;:&quot;#515151 0.02&quot;}\"><\/div><br \/>\n<\/center><\/p>\n\n\n\n<p>C\u00f3\u017c za wiatry przywia\u0142y ci\u0119 w te strony ? Nikt tu nie zagl\u0105da, a Ty si\u0119 tu pojawi\u0142e\u015b.<br>Od 17 pa\u017adziernika 2020 zmieni\u0142o si\u0119 moje \u017cycie, wi\u0119c strona te\u017c si\u0119 zmienia. <br>Mam nadziej\u0119 \u017ce w przeciwie\u0144stwie do mojego \u017cycia strona b\u0119dzie si\u0119 zmienia\u0107 na lepsze.<br>Czasu mam teraz pod dostatkiem i staram si\u0119 go wype\u0142nia\u0107 prac\u0105, zaleg\u0142ymi projektami, i wszystkim co mo\u017ce mi zaj\u0105\u0107 g\u0142ow\u0119 aby nie my\u015ble\u0107 nad przysz\u0142o\u015bci\u0105 kt\u00f3r\u0105 w czarnych barwach obecnie postrzegam. Postaram si\u0119 co kt\u00f3r\u0105\u015b noc dorzuci\u0107 tu kilka tre\u015bci, opis\u00f3w czy zdj\u0119\u0107 bo noce obecnie s\u0105 d\u0142ugie a sen kr\u00f3tki i coraz rzadszy.<br>Od 1 marca 2021 zn\u00f3w wskoczy\u0142o na utarte tory, ale to ju\u017c ca\u0142kiem inna historia kt\u00f3ra nie jest ju\u017c taka jak wcze\u015bniej. Jest trudniej i pod g\u00f3rk\u0119, du\u017co wagon\u00f3w si\u0119 utraci\u0142o ale wci\u0105\u017c do przodu  jedziemy t\u0105 lokomotyw\u0105 :).<br>To ju\u017c rok jak jad\u0119 star\u0105 (now\u0105) tras\u0105. Wok\u00f3\u0142 szaro, ponuro, i rzadko kiedy przebija si\u0119 s\u0142o\u0144ce. Trasa jest planowa ale jakby krajobraz inny, coraz mniej wagon\u00f3w.<br>05.05.2023 to data zakupu po 30 latach od sprzedania MZ250 kolejnego motocykla, tym razem pad\u0142o na bokserka BMW R1100 R z 1998r z przebiegiem 78.000km.W\u0142a\u015bnie now\u0105 podr\u00f3\u017c zacz\u0105\u0142, a co prze\u017cy\u0142, i co widzia\u0142 link ten wszystko wam opowie.<br>Ch\u0119tnie przyjm\u0119 s\u0142owa krytyki czy celne uwagi a nawet propozycje co do tre\u015bci tu umieszczanych i omawianych. A tu na dole mam Baner o moich miesi\u0119cznych aktywno\u015bciach (motocyklowych) <\/p>\n\n<a class=\"rwgps-widget\" href=\"https:\/\/ridewithgps.com\/users\/6229144\" data-rwgps-metric=\"1\" data-rwgps-user-id=\"6229144\" data-rwgps-include=\"month\">Aktywno\u015bci Robiuri&#8217;ego<\/a>\n<script>\n(function(d,s) { \n  if(!d.getElementById('rwgps-sdk')) {\n    var el = d.getElementsByTagName(s)[0],\n        js = d.createElement(s);\n    js.id = 'rwgps-sdk';\n    js.src = \"\/\/ridewithgps.com\/javascripts\/sdk.js?1712136825425\";\n    el.parentNode.insertBefore(js, el);\n  }\n})(document, 'script');\n<\/script>\n\n<p>pozdrawiam<br><strong>Robiuri<\/strong><\/p>\n","protected":false},"excerpt":{"rendered":"<p>C\u00f3\u017c za wiatry przywia\u0142y ci\u0119 w te strony ? Nikt tu nie zagl\u0105da, a Ty si\u0119 tu pojawi\u0142e\u015b.Od 17 pa\u017adziernika 2020 zmieni\u0142o si\u0119 moje \u017cycie, wi\u0119c strona te\u017c si\u0119 zmienia. Mam nadziej\u0119 \u017ce w przeciwie\u0144stwie do mojego \u017cycia strona b\u0119dzie si\u0119 zmienia\u0107 na lepsze.Czasu mam teraz pod dostatkiem i staram si\u0119 go wype\u0142nia\u0107 prac\u0105, zaleg\u0142ymi\u2026 <span class=\"read-more\"><a href=\"http:\/\/robiuri.mojapoczta.net\/\">Czytaj dalej &raquo;<\/a><\/span><\/p>\n","protected":false},"author":1,"featured_media":0,"parent":0,"menu_order":0,"comment_status":"closed","ping_status":"closed","template":"","meta":{"footnotes":""},"class_list":["post-76","page","type-page","status-publish","hentry"],"_links":{"self":[{"href":"http:\/\/robiuri.mojapoczta.net\/index.php?rest_route=\/wp\/v2\/pages\/76","targetHints":{"allow":["GET"]}}],"collection":[{"href":"http:\/\/robiuri.mojapoczta.net\/index.php?rest_route=\/wp\/v2\/pages"}],"about":[{"href":"http:\/\/robiuri.mojapoczta.net\/index.php?rest_route=\/wp\/v2\/types\/page"}],"author":[{"embeddable":true,"href":"http:\/\/robiuri.mojapoczta.net\/index.php?rest_route=\/wp\/v2\/users\/1"}],"replies":[{"embeddable":true,"href":"http:\/\/robiuri.mojapoczta.net\/index.php?rest_route=%2Fwp%2Fv2%2Fcomments&post=76"}],"version-history":[{"count":87,"href":"http:\/\/robiuri.mojapoczta.net\/index.php?rest_route=\/wp\/v2\/pages\/76\/revisions"}],"predecessor-version":[{"id":365,"href":"http:\/\/robiuri.mojapoczta.net\/index.php?rest_route=\/wp\/v2\/pages\/76\/revisions\/365"}],"wp:attachment":[{"href":"http:\/\/robiuri.mojapoczta.net\/index.php?rest_route=%2Fwp%2Fv2%2Fmedia&parent=76"}],"curies":[{"name":"wp","href":"https:\/\/api.w.org\/{rel}","templated":true}]}}